2 - -2).
0
3 - 3 - ((-2 - -7) + -2)
-3
What is the value of -6 + -16 + 17 + 0 + 1?
-4
What is the value of 2 - (8 - 4 - 5)?
3
Calculate 0 + (0 - (-3 + 0)) + 1.
4
Calculate 0 - (1 + -3 + 0).
2
What is the value of 4 + 6 + 4 + -9?
5
What is the value of 3 - 14 - (1 + -7)?
-5
Evaluate -6 + 2 + -1 + 5.
0
Evaluate (-1 - -4) + 0 + 3 + -6.
0
Evaluate -9 - (-16 + (8 - -4)).
-5
Evaluate 4 - 2 - (0 - (5 - 3)).
4
Evaluate (-5 - (0 - -1)) + -3 + 4.
-5
Evaluate 3 - (4 + -2 - -3).
-2
8 + -1 - (5 - -3) - 3
-4
(-9 - -5) + -4 - -3
-5
Evaluate 1 - -4 - (-1 + 4 - -4).
-2
What is -5 + -2 + 2 - -2 - 1?
-4
Calculate (5 - 0) + 0 + 0.
5
(-8 + 7 - 0) + 0 + -5
-6
-2 + 2 + -1 + 3
2
-4 + -1 + 6 - 0 - 6
-5
What is (-6 - 6 - 1) + 12?
-1
What is the value of 1 - 2 - (4 - 0)?
-5
-53 + 52 + (0 + 0 - 5)
-6
Calculate 1 + (2 - (-4 - -3)).
4
Evaluate 1 - -1 - 4 - -7.
5
What is the value of -7 - 1 - (7 - 16)?
1
Calculate 12 + -11 + 3 + -4.
0
Evaluate -15 + -4 + 7 + 8.
-4
-7 - (9 + -18) - (-2 + 0)
4
What is the value of 3 - (8 - (-8 + (14 - -5)))?
6
2 + 2 - (2 + -1 + 0)
3
Calculate (-6 + 5 - -2) + 5 + -1.
5
Evaluate (-3 - -2) + -4 + 10.
5
(-6 - (-4 - -1)) + 4 + -1
0
Calculate -65 - -69 - (8 - -1).
-5
What is the value of 75 - 86 - (1 + -5)?
-7
What is the value of -8 - (3 + -6) - (0 + -1)?
-4
Evaluate 7 + -3 - (0 - -6).
-2
What is 5 - ((0 - 2) + 2)?
5
Calculate -40 + 27 + 6 + 1 + -3.
-9
Calculate 0 + (-4 - (-15 - -4)) + -6.
1
-5 + 3 + 0 - -5
3
Evaluate -8 + 3 + 2 + 2.
-1
Calculate -4 + (-2 - -3 - -4).
1
(-10 - (1 + -6)) + -2
-7
Evaluate 0 + (0 - -2 - 7).
-5
Evaluate -8 - (-17 + 10 + -2).
1
What is -6 - (-6 + -2 + (8 - 5))?
-1
Evaluate (-3 - 15) + 2 + 9.
-7
Evaluate 3 - (6 - (6 - (-4 - -4))).
3
Calculate (-10 - (5 + -11)) + -2 + 10.
4
Evaluate 12 + -4 - 10 - (1 - 7).
4
Evaluate (8 - -1) + -32 + 12.
-11
What is the value of -3 + -10 + 8 - (4 - 4)?
-5
Calculate 7 + (-14 - ((14 - 7) + -14)).
0
What is 0 - -2 - (3 + 0)?
-1
5 - 4 - ((2 - 1) + 1)
-1
What is -3 + 4 + -5 + 6?
2
0 + 6 + 1 + 11 + -10
8
What is -17 + -2 + 14 + (-1 - -6)?
0
What is the value of 8 - 6 - (-1 + 0)?
3
What is 3 + -7 + 12 + -4?
4
(1 - 3) + 5 + -5 + 0
-2
Evaluate 3 + -2 - (2 + -2 + 2).
-1
What is 7 + (-15 - (-6 + 2))?
-4
Calculate 1 - 1 - (6 - (7 - -3)).
4
What is the value of (-26 - -30) + (0 + -1 - -3)?
6
Evaluate 2 + -12 + 7 + 2 + 1.
0
What is the value of 1 + -3 + -2 + (-1 - -2)?
-3
-1 - 1 - (4 - (-3 + 10))
1
What is the value of (4 - 1) + (-10 - (1 - 3))?
-5
-18 - -12 - (1 + -5)
-2
What is the value of (9 - 8) + (1 + -2 - -5)?
5
What is the value of 7 + -4 - 3 - -5 - 4?
1
Evaluate -6 + 6 - 1 - -1.
0
Calculate 17 - 7 - (16 - 2).
-4
What is the value of 1 + -14 + 10 + 0 + 10?
7
Evaluate -7 - ((7 - 2) + -8).
-4
Evaluate 47 + -47 + 1 + (-1 - -1).
1
Calculate -2 + -4 + 1 + -1.
-6
Evaluate -3 - (-2 - 3) - -1 - 7.
-4
What is the value of (-7 + -2 - -1) + (-19 - -24)?
-3
What is the value of (-1 - -6) + -1 - (0 + -1)?
5
What is -40 - -37 - (-5 - -2)?
0
What is -17 + -1 + 9 - -8?
-1
What is 3 + (-3 + 1 - (17 + -16))?
0
Evaluate -1 + (4 - 0) - (1 + 1).
1
-7 - (8 - (24 + -5))
4
What is the value of 3 + (0 - 0 - 3)?
0
(2 + 0 - -1) + -6
-3
Evaluate (-2 - 1) + (59 - 53).
3
0 + 2 - (-10 - -4 - -7)
1
Evaluate 57 + -52 + (-3 - 1).
1
Calculate 8 - (-4 + 5 + 13).
-6
What is the value of (7 - (-4 - -7)) + 3?
7
Evaluate 2 + (-1 - 3) + 3.
1
Evaluate 3 + (0 - (-2 + 7)).
-2
0 - 3 - (-10 - -6)
1
Calculate 13 + -17 - (-1 - 0).
-3
Evaluate (4 - (3 - 2)) + 129 + -132.
0
What is 20 - (-7 - -5 - -14)?
8
Calculate (3 - (1 - 2)) + (24 - 23).
5
Evaluate 4 - (-3 + (4 - 2)).
5
What is 4 + -8 + -6 + 5?
-5
Evaluate -1 + 0 + 6 + -6.
-1
What is -8 + -5 - (-17 - 5)?
9
(-2 - -2) + 4 + -10 + 5
-1
(6 - 10 - -18) + -21
-7
Calculate -2 + (9 - (6 - (6 + 2))).
9
-6 + (-6 + (0 - -12) - 2)
-2
What is 7 - (7 - (7 - 4))?
3
-1 + 5 - 4 - (-2 - -2)
0
Evaluate -12 - -14 - (14 + -7).
-5
Calculate -7 - -6 - (-8 + -1) - -1.
9
What is -3 - (-12 + 9) - 8?
-8
What is 11 + 15 + -12 + -4?
10
Calculate 2 - -2 - (0 + (10 - 7)).
1
41 + -34 + 3 + -1 + -5
4
-2 - (-2 - -9 - 16) - 15
-8
Evaluate -9 + (8 - (5 - 1)).
-5
What is -1 - (-5 + 1 + 6)?
-3
Evaluate -5 + 16 + -18 + 2.
-5
Calculate 1 - 3 - (-6 + 5 - -4).
-5
Calculate (-5 - -2) + (-10 - -2) + 10.
-1
Calculate 1 + 5 + 1 + 4 - 1.
10
Calculate (-7 - -9) + (4 - 3).
3
What is -5 + -2 - -3 - -3 - 2?
-3
What is the value of (-30 + 17 - -16) + 3 + 1?
7
Calculate 0 + 2 + -4 - -3.
1
What is the value of (1 - -1) + (-10 - -9)?
1
What is 2 - -7 - (4 - 0)?
5
Calculate 0 + -5 + 9 - 5.
-1
Calculate -5 - ((1 - -4) + -16).
6
Evaluate (2 - 3 - 1) + (-9 - -9).
-2
Evaluate (10 + -19 - -6) + 12.
9
Calculate 5 + (-7 - (-19 - -5 - -5)).
7
Calculate 13 + -1 + (-12 - (8 - 14)).
6
What is -6 + 2 + 2 - (1 + -8)?
5
5 + (-2 - 0) - (-1 - 1)
5
-8 - (-8 + -3) - 3
0
What is 3 + 0 + 8 - (-7 + 12)?
6
(13 - 8) + -2 + -4 + -1
-2
What is (3 - 2) + -2 - -2?
1
Calculate 8 - ((-7 - 4) + 14).
5
What is the value of (14 - -4) + -12 + -13?
-7
What is the value of 5 + (0 - 5) + 3 + 0?
3
What is the value of (1 - 1) + (-8 - -7)?
-1
Evaluate (-2 - (2 + -2)) + -2.
-4
(0 - 1) + -4 + (2 - 2)
-5
38 + -47 + 6 + (1 - 2)
-4
Evaluate 1 - (3 - 3) - 5 - -3.
-1
What is 4 + (6 + -1 - 6) + 4?
7
What is -1 + -1 + (5 - (0 + 4))?
-1
What is 2 + (-1 + -5 - -3)?
-1
What is the value of (-2 - -4) + 1 + 4 - 2?
5
16 + -26 - (-1 + -11)
2
Evaluate -2 - (2 - 2 - 1).
-1
What is the value of -3 + 5 + (4 - 5 - 3)?
-2
Calculate (0 - (-2 + -2)) + -2 + 2.
4
What is the value of (1 - 2) + (8 - (-3 - -8))?
2
Calculate -1 - -1 - (8 + -4).
-4
Calculate (-1 - 4) + 4 + -2.
-3
Calculate 6 + -3 + -6 - (-8 + 4).
1
Calculate -2 + -4 + (1 - -2) - -2.
-1
What is the value of -24 - -27 - (0 + 3)?
0
1 + 2 - (1 + 3)
-1
-2 - (3 - (-3 + (-2 - -6)))
-4
-4 + 7 + -4 + 4
3
What is (12 - 8) + 6 - 5?
5
What is (1 - 8) + (-2 - -2)?
-7
What is the value of 6 - ((5 - -1) + 0 + 0)?
0
Evaluate -8 + 4 + 3 + 2.
1
Evaluate (5 - 5) + 4 + -1 + -1.
2
What is 2 - 1 - (-5 + 11)?
-5
What is the value of (0 - (1 + 1)) + 1 + 2?
1
What is 5 - 1 - (56 + -51)?
-1
What is -2 + 7 + -13 - -3?
-5
What is 1 + -1 - (3 + 1)?
-4
What is the value of (5 - 5) + (1 - -10) + -3?
8
What is the value of 3 + -6 + (2 - (-2 + 4))?
-3
Evaluate 0 - (-3 + (-7 + 2 - -3)).
5
Evaluate -1 - ((-2 - -2) + -3 + 2).
0
What is 0 + 5 - (4 - -1)?
0
-4 + -7 + 2 + 0 + 4
-5
0 - -1 - (4 + 0)
-3
What is (-17 - -11 - -16) + -6?
4
What is 11 - (17 + -10 - -10)?
-6
(-4 - -2) + -2 + -1
-5
What is 2 - 8 - (-17 - -13)?
-2
Evaluate 0 - (7 + (-11 - -5) + 0).
-1
Evaluate 2 + (-7 - (9 - 10)).
-4
Calculate -69 + 65 + 1 + 1 + -2.
-4
What is (6 - (2 + 0)) + -8?
-4
What is the value of (-7 - -14) + 6 + -6?
7
Evaluate 5 + -2 - 5 - -3 - 4.
-3
What is the value of 0 + (-3 - -1) - (32 + -36)?
2
-4 - ((3 - -1) + -13)
5
Calculate 10 - (9 - (3 - (-4 - -3))).
5
3 + 4 - 1 - (-22 - -24)
4
Evaluate -4 + (-3 - -6) - -4 - -2.
5
Evaluate -1 + -2 - (-4 + -2 + 3).
0
What is -7 + -2 + (2 - -3) + 2?
-2
-1 + (3 + -1 - 2 - 4)
-5
Calculate (-3 - (-3 + -2 - -12)) + 4.
-6
What is the value of 1 + (-1 + 3 - 1) + -3?
-1
-2 - (-1 - 3) - (6 - 1)
-3
What is (0 - -1) + -21 + (-11 - -25)?
-6
Calculate (5 + -4 + 4 - 8) + -7.
-10
(4 - -4) + (-10 - -1 - -5)
4
What is the value of (5 - -3) + -6 + 0 + 1?
3
4 - (11 - (-3 + -2 + 10))
-2
Calculate 4 + -4 + -1 + 0.
-1
2 - (4 + -2 + (-1 - -3))
-2
-3 - ((-6 - -5) + -4)
2
What is the value of -4 + (3 - 0) + 3?
2
8 - (-2 + 4 + 3)
3
Calculate (3 - 2) + (-3 - -1).
-1
Evaluate -1 + -2 + (-5 - (-4 - 6)).
2
What is the value of 2 - (-1 + (3 - -1) - 3)?
2
4 - ((-1 - -5) + 6)
-6
Calculate (4 - 1) + -3 + 2.
2
Calculate -5 - (0 + 9) - -20.
6
What is (-1 - -6 - -7) + -9?
3
What is the value of (-9 - -16) + (-2 - 5)?
0
Evaluate -1 - (3 - (8 + -10)).
-6
What is the value of 8 + (-14 - (-4 + -1))?
-1
14 - 13 - (-1 + 0 + 4)
-2
Calculate 4 + 4 + 2 + -8.
2
Evaluate -3 - (-1 - (-4 - -10)) - -3.
7
Evaluate -6 - (-5 - (-11 - -6)).
-6
Calculate -4 + 3 + -2 + 5 + -1.
1
Calculate 2 + 6 + (8 - 16).
0
4 + 1 - (3 - 3 - -4)
1
-1 + 2 + (1 - (-13 - -7))
8
What is the value of (-3 - 1) + -2 - (-2 + -2)?
-2
What is the value of 5 - (-12 - -34 - 11)?
-6
What is the value of (-5 - (-3 - -3)) + 2?
-3
1 - (-2 - (0 - (2 - 1)))
2
Evaluate (0 + -12 - -24) + -18.
-6
Calculate (-12 - (-4 + -11)) + 2 + -1.
4
What is -